t q(l) = -l**2 + 2*l + 4. Let v be q(4). Let i(k) = 2*k**2 - 3 - 1 - 4*k - 3*k**2. Determine i(v).
-4
Let h(y) = 13*y - 5. Let s(u) = 32*u - 12. Let j(l) = -12*h(l) + 5*s(l). Let c = 33 + -34. Determine j(c).
-4
Let b(s) be the second derivative of -s**4/12 + 7*s**2/2 + 6*s. Calculate b(0).
7
Suppose -8*b = -5*b - 3. Let g(r) = 5*r**2 - r. Calculate g(b).
4
Let g be 38/3 - 4/6. Suppose 3*h - c - g = 0, -h = 3*c + c + 9. Let a(d) = -h - d - 4*d - 3 + 4 - 5*d**2 + d**3. Give a(6).
4
Let w(m) = -m**2 + 3*m - 4. Let j = -4 + -3. Let x(q) = -q**3 + 2*q**2 + 3*q. Let l be x(-2). Let d = l + j. Give w(d).
-4
Suppose 4*a - 2 = 3*a. Let p be 2 + 1/(2/a). Suppose p*h + 0*h = 2*r - 17, -2*h - 5*r + 14 = 0. Let u(v) = -3*v - 3. Calculate u(h).
6
Suppose -i - 2*c = -19, -c = -4*i + 2*c + 21. Let s(h) = i - 2*h - h**3 + 4*h**2 - 3*h - 5. Calculate s(3).
-2
Let r be -6*(4/6 - 0). Let v = -6 - r. Let n be -1 + -1*v/(-1). Let f(y) = -y**3 - 4*y**2 + y + 2. Give f(n).
-10
Let o(q) = 45 + 0*q - 42 - q + 2*q. What is o(-6)?
-3
Let p(b) be the first derivative of -b**3/3 + 5*b**2/2 - 4*b - 1. Suppose -f - m = -4, 2*m = 6*m - 4. Give p(f).
2
Let y(w) = w**3 + 5*w**2 + 6*w + 2. Let v be (18/(-15))/(8/(-20)). Suppose -17 + 5 = v*o. Give y(o).
-6
Suppose 6 = 2*h - 0. Let c(a) be the third derivative of -a**4/24 + a**3/2 - a**2. Calculate c(h).
0
Suppose -d - 2 = -5*s - 0*d, -2*s + 2*d - 4 = 0. Let x(u) = -17*u + 1. Determine x(s).
-16
Suppose 2*f + 5*v = -2*f - 4, -20 = 2*f - 2*v. Let w(q) = q**2 + 5*q - 6. Determine w(f).
0
Let u(q) = -3*q**3 + 2*q**2 - 7*q + 5. Let c(b) = -2*b**3 + b**2 - 4*b + 2. Let g(z) = -5*c(z) + 3*u(z). Give g(0).
5
Let b be (-3)/18 - (-1)/6. Let g(u) be the third derivative of 0 + 1/24*u**4 + 7/6*u**3 + b*u + u**2. Calculate g(-4).
3
Let x be (7 - (1 - 0)) + -1. Suppose -8 = -j - j. Let a(g) = 6 - g + 1 + j. What is a(x)?
6
Let x(b) = b**2 - 5*b + 2. Let g(s) be the third derivative of -s**5/60 - 3*s**4/8 - 3*s**3/2 + 2*s**2. Let v be g(-7). What is x(v)?
2
Let d(h) be the second derivative of 0 + 1/3*h**4 + 2*h - 5/2*h**2 - 1/3*h**3 + 1/20*h**5. Suppose 0 = -4*t - 4 - 12. What is d(t)?
3
Let z(i) = -7*i**3 - i**2 + 1. Let x(u) = u**3 - 5*u**2 + 3*u + 3. Let c be x(4). What is z(c)?
7
Let p(x) be the second derivative of -x**5/20 + 2*x**4/3 - 4*x**3/3 + 5*x**2 + 3*x. What is p(7)?
3
Let n(x) be the first derivative of -x**3/3 + 2*x**2 + 5*x - 7. What is n(6)?
-7
Let u(j) be the third derivative of -j**4/12 + j**2. Let d = 0 + 4. What is u(d)?
-8
Suppose -5*i + 0*i = -5. Let o = 2 - i. Let x(q) = -3*q**3 - 9*q**2 + 7*q - 6. Let r(b) = 3*b**3 + 8*b**2 - 6*b + 5. Let a(g) = -7*r(g) - 6*x(g). What is a(o)?
-4
Let r(s) = s**2 + 6*s + 2. Let c be r(-6). Let v(l) = c*l + 4*l + 7 - 5*l. Let h(w) = -w**2 - 2*w - 3. Let p be h(-3). What is v(p)?
1
Suppose 1 = n - 10. Let j(w) = w - 9. What is j(n)?
2
Let s(u) = u**3 - 2 - 3*u**2 + 4*u + 0*u**3 - 7*u. What is s(4)?
2
Let n be (-4)/6 - 40/(-6). Let a(i) = -1 + 2*i**2 + 2*i**2 + n*i - 3*i**2 - 1. Determine a(-5).
-7
Let y(k) be the first derivative of k**6/360 + k**5/120 - k**4/24 - 7*k**3/3 + 4. Let x(i) be the third derivative of y(i). Determine x(2).
5
Let x be 2/(-6) - (-34)/(-6). Let i(y) = y**2 + 8*y + 3. Give i(x).
-9
Let x(m) be the second derivative of -m**3/6 + m**2/2 + 4*m. Suppose -3*o - 15 = -3. Let k = o + 2. Calculate x(k).
3
Let c(i) = -i**3 + i - 6. Suppose 0 = -5*m - 0*m. Determine c(m).
-6
Let b(w) be the second derivative of w**5/20 - 7*w**4/12 + 4*w**3/3 - 3*w**2 + 7*w. Calculate b(6).
6
Let j(d) = -d**3 - 6*d**2 + 3*d + 14. Let p be j(-6). Let g(n) = -n**3 - 4*n**2 + n - 3. Calculate g(p).
-7
Suppose 2*k + k - 9 = 0. Let l(q) = q**3 - 2*q**2 + 2*q - 2. What is l(k)?
13
Let j(l) = -l**3 - 3*l**2 + 2*l - 4. Suppose -4*s - 4*c = -24, -4*c + 16 = 3*s - 2*c. Suppose 0*a = -3*h + s*a - 8, 4*h - 3*a + 13 = 0. Give j(h).
4
Suppose 0 = -0*k + 3*k. Let o(x) = 0*x + k*x + 2*x - 5*x. Determine o(-2).
6
Let w(q) be the second derivative of q**3/6 + 3*q**2/2 - 11*q. Give w(3).
6
Let q = -3 + 5. Let d be 3/q*12/9. Let l(t) be the first derivative of -t**3/3 + 3*t**2/2 - 2*t - 99. Determine l(d).
0
Let x be ((-1)/(-3))/(-1)*-9. Let s(c) = -2 - 4*c**2 - c + c**x + 1 + c**2. Calculate s(4).
11
Let d(k) = 4*k**2 + 5*k. Let j(m) = -m**3 + 9*m**2 + 11*m. Let p(g) = -9*d(g) + 4*j(g). Determine p(-1).
5
Suppose -3*x + 4*j = -11, 3*j + 12 = -2*x + 5*x. Suppose 2*w + x = w + 2*l, 4*l = -4*w + 16. Let d(i) = 2*i - 1 + 4*i**3 + 2 - 3*i. Determine d(w).
4
Let b(q) = -3*q - 3. Let o(t) = 4*t + 3. Let x(f) = -6*b(f) - 5*o(f). Suppose 2*p + 10 = 7*p. Calculate x(p).
-1
Let j(c) = -c**3 - 6*c**2 + 8. Suppose -5 - 12 = -m. Suppose 3*u - s + m = -0*u, -4*u - 5*s = 29. Give j(u).
8
Let v = -3 - -4. Suppose 6*q = 3*q + 4*d - 11, 0 = -3*q - 2*d + v. Let l(c) = 2*c. Let j(k) = 15*k. Let g(y) = 2*j(y) - 14*l(y). Calculate g(q).
-2
Suppose -3*s + 0 = -6. Let g(c) = 42*c**2 - 42*c**s - 17*c**3. Give g(1).
-17
Let k(o) = o**3 + 3*o**2 - 5*o. Suppose n - 3*h - 12 = -1, -3*n + 3*h + 3 = 0. Give k(n).
4
Let w(o) = 2*o**2 - 3*o - 4. Let y be w(3). Suppose -3*t = -y*b + 8 - 27, -t = -3*b - 13. Let c(n) = 2*n + 1. Determine c(t).
-3
Let l(b) = 9 + 7*b + b**3 - 8 - 3*b - 5*b**2. Calculate l(3).
-5
Let m(d) = -3 - 3*d**3 + d**3 + 2*d + 4*d**3 - 5*d. What is m(-2)?
-13
Let d(k) = -2*k**3 + k**2 + k - 7. Let f(w) = w**3 - w + 6. Let t(r) = 2*d(r) + 3*f(r). Let v(j) = -j**2 + 5*j - 1. Let o = 7 + -3. Let c be v(o). What is t(c)?
-8
Let c(f) = -f**3 + 2*f**2 + 3*f - 3. Suppose -18 = 2*k + k. Let a be (-2)/3 - 16/k. Determine c(a).
3
Suppose d - 6*d - 10 = 5*n, 2*n = -3*d - 7. Let b(o) be the second derivative of o**5/10 - o**4/6 + o**3/6 + o. What is b(n)?
1
Let l(i) = -5*i**2. Suppose 5*g - 5 + 0 = 5*m, 0 = -3*g + 15. Suppose -28 = m*o + 8. Let w = o + 8. Calculate l(w).
-5
Suppose 14*i + 114 = 30. Let b(v) = v + 7. Give b(i).
1
Let k be ((-57)/608)/(-9*1/4). Let i(r) be the third derivative of -1/6*r**3 + 1/60*r**5 + 0*r + 0 - 13/120*r**6 + 2*r**2 + k*r**4. Calculate i(1).
-12
Let i be 0*(0 - (-4)/(-8)). Let r(g) = -g**3 + 2*g**2 + g. Let a be r(-1). Let f(v) = 4*v + 0 - 5*v + 6 - v**a. Calculate f(i).
6
Let w(s) be the second derivative of -s**5/10 + s**4/12 + s**3/2 - s**2 - s. Give w(2).
-8
Let y(a) = a**2 - 6*a + 5. Suppose -3*i - 10 = -w + i, -5*w + 34 = -4*i. Determine y(w).
5
Suppose -2*q - q = 9. Let m be (20/(-12))/((-1)/q). Let l(n) = n**3 + 6*n**2 + 4*n + 4. Determine l(m).
9
Suppose f = -0 - 5. Let b = 2 - 2. Let r(v) = -2*v**2 - 2*v + b*v**2 - 5*v - 6 + v**2. Give r(f).
4
Let r(a) be the second derivative of a**6/360 - a**5/30 + a**4/6 - 3*a. Let h(k) be the third derivative of r(k). What is h(4)?
4
Let r(u) = 608*u - 618*u + u**2 + 15 - 2*u**2. Give r(-11).
4
Let f = 4 + 2. Let v(s) = -4*s - s**2 + 2 - f - s + 0*s. Suppose 3*a = 2*i + 12, -4*i = -a - a + 16. What is v(i)?
2
Let p = -5 - 23. Let r be (-8)/p - 40/(-7). Let l(w) = -w**2 + 0 + 0 + 5*w. Determine l(r).
-6
Let q(x) = -x**3 - x**2. Let o(h) = h**3 + 3*h - 1. Let y(f) = o(f) + 2*q(f). Suppose -4*w + 0*s = -s + 10, -4*s - 8 = 0. Determine y(w).
-1
Let x(o) = 3*o - 2. Let v(z) = z + 1. Let s(k) = -v(k) - x(k). Give s(1).
-3
Let q(k) = 5*k**3 - 4*k + 7. Let h(z) = 5*z - 3*z - 4 - 3*z**3 + z**3. Let w(l) = 5*h(l) + 3*q(l). Give w(1).
4
Let a(i) = 4*i**2 - 3*i - 3. Let n be a(-1). Let s(y) = -y**2 + 2*y - 1. Calculate s(n).
-9
Let l be (-3)/(3 - 12/8). Let p(i) = 6*i + 2. Calculate p(l).
-10
Let z(y) = -y**2 + 4*y + 5. Let o be z(4). Suppose n - 5 + 2 = 0. Let a(f) = 4 - 2*f - 2*f + n*f + 2. Determine a(o).
1
Let b(a) = a**3 + 6*a**2 + 2*a - 6. Let r(k) = -k**3 + 7*k**2 - 6*k + 4. Let p be r(6). Suppose -p*m - 3 = -m. Let o = -6 - m. Determine b(o).
9
Suppose -10*r = -13*r - 9. Let i(f) = f**2 + 3*f + 1. Give i(r).
1
Let v(h) = -h**3 - 5*h**2 + 6*h + 1. Let p be (-9)/(-6)*2*-2. Calculate v(p).
1
Let w(b) = -2*b**2 + 3*b + 2. Let s(u) = -u**3 + 2*u**2 + u - 2. Let r be s(2). Suppose 2*l - 3*l + 8 = r. Let z = -5 + l. Determine w(z).
-7
Let m(g) = -g. Let o = -51 - -57. Give m(o).
-6
Let g(j) be the second derivative of -j**3/6 + 9*j**2/2 + 27*j. Give g(9).
0
Let j(d) = -d**2 - 4*d - 5. Suppose -2*r - 23 = 3*s, -4*r + 4 = s + 15. Let v = s - -3. What is j(v)?
-5
S